 w?
5
What is the tens digit of 3224/12*(-15)/(-10)?
0
Let d = -28 - -48. Suppose -4*f = -4*q - d, 5*f - 3*q = 28 - 3. Suppose o + 2*m - 6*m - 69 = 0, -2*o = f*m - 112. What is the units digit of o?
1
Let p(b) = -b**2 + 12*b + 16. Let l be p(13). What is the tens digit of 7 - 3 - l - -64?
6
What is the tens digit of (2 - 0)/2 + 315 + -4?
1
Suppose -173 + 21 = -4*a. Suppose -a + 13 = -g. What is the units digit of g?
5
Let h(s) = 2*s**3 + s**2 - 2*s + 245. What is the units digit of h(0)?
5
Let s be -1 + 0 - (-3 + 0). Suppose 0 = s*t - 0*y + 3*y - 93, -3*y - 9 = 0. What is the units digit of t?
1
Let s(v) = 10*v - 1. Let n be s(-3). Let p = -5 - n. What is the tens digit of p?
2
Let b(x) = 446*x + 158. What is the units digit of b(4)?
2
Let q be (4/8)/((-2)/(-4)). What is the units digit of q*(29 + 0/(-2))?
9
Let h = 21 + -18. Suppose 5*j + 79 + 21 = 5*r, -h*r - j = -48. What is the units digit of r?
7
Let c be (3/(-2))/((-10)/540). Let j = -24 + c. What is the tens digit of j?
5
Let p be (-10)/(-4)*(-6)/(-5). Suppose 0 = 2*q + z + p*z - 174, 0 = 2*z - 4. Let w = -39 + q. What is the tens digit of w?
4
What is the hundreds digit of 7/(-42) + 1/((-30)/(-23345))?
7
Suppose 0 = -3*k + 5*l + 594, 0*k = k + 2*l - 187. What is the tens digit of k?
9
Let a = 528 + -101. What is the hundreds digit of a?
4
Let s = 0 + 4. Suppose 4*m + 0*x = -x + 272, s*m - 272 = -3*x. Suppose 0 = -0*u + 2*u - m. What is the tens digit of u?
3
Suppose u = -2*b, 2*u = 4*b - 0*u - 16. What is the tens digit of b/4*(-136)/(-2)?
3
Let f(m) = -2*m**3 + 31*m**2 - 7*m - 30. What is the units digit of f(14)?
0
Let c(w) = 10*w + 5. Let o be c(4). Suppose -4*l - 4*h + 221 = o, -2*l = 3*h - 88. What is the units digit of l?
4
Suppose 2*j - 6 = 4*r, -3*r + 2 - 7 = -j. What is the tens digit of j/(-12)*3 - (-405)/12?
3
Suppose 3*x + 2*b = 8, -2*x + 2*b = 7*b - 9. Suppose -s = -v + 2*s + 46, v - 49 = x*s. What is the tens digit of v?
5
Let c be ((-9)/3)/(1*(-3)/(-171)). Let u = c + 292. What is the tens digit of u?
2
Suppose 0 = 3*q - 4*q + 7. Suppose 0 = 4*k - x - 7, 0 = 5*k + 2*x - 9 - 3. Suppose k*a - 5*n - q = 0, 2*n - 7 = -4*a + 5*n. What is the units digit of a?
1
Let o = -24 + 42. Let n = 21 - o. What is the units digit of 3*(3/n + 0)?
3
Suppose 460 + 64 = 2*k + 4*t, -4*k + 4*t + 988 = 0. What is the hundreds digit of k?
2
Let l be 0 + (-3 - -2 - -3). Suppose 0 = u + l - 4. Suppose 5*r - 154 = -5*d + 61, -r = -u*d + 92. What is the tens digit of d?
4
Let f = 2137 - 809. What is the units digit of f?
8
Let y be 8/(-6)*(2 + (-26)/4). What is the tens digit of (-1)/(2/(-268)) - (4 - y)?
3
Let s = -12 + 24. Let f be (2 + 2)*s/8. Suppose -f - 14 = -4*y. What is the units digit of y?
5
Suppose 24*z - 7535 = 2281. What is the units digit of z?
9
Let i = -40 - -42. Suppose l + i*l = 219. What is the tens digit of l?
7
What is the units digit of (3 - 289/(-51))*246/4?
3
Let i be (16/3)/2 + (-6)/(-18). Suppose -5*d - 48 = -i*w + 38, 46 = 3*w + 5*d. What is the tens digit of w?
2
Suppose 5*l = 4*k + 183, 0*l - l - 4*k + 51 = 0. What is the tens digit of l?
3
Suppose -3*f + 6*f = -5*c + 123, 4*c = -f + 104. Let k be 8/20*(c + -2). Suppose 2*v = 4*v - k, 3*z + 2*v = 16. What is the units digit of z?
2
Suppose 0 = -0*f + 2*f + 3*a - 21, 2*f + 4 = 2*a. Let t = f + -32. Let z = t - -43. What is the tens digit of z?
1
Suppose 0 = 2*m + 10, n - 134 = m - 0*m. Suppose -5*f = n - 369. What is the units digit of f?
8
Suppose 0 = 81*j - 73*j - 5576. What is the units digit of j?
7
Suppose -7*u + u = -30. Suppose -u*l - x = x - 150, 3*l - 4*x = 64. Let p = 32 - l. What is the units digit of p?
4
Suppose -24*q - 6 = -21*q. Let w be (-1)/(q/34*1). Let g = w - -10. What is the units digit of g?
7
Let w be 4/8*4 + 0. Suppose -w*h + 6*h - 240 = 0. What is the tens digit of h?
6
Suppose -8*m + 15 = -5*m. Suppose 2*l - 171 = m*g, -g - 405 = -5*l + 4*g. Suppose 3*a = -4*c + 122, -4*a - c + 76 = -l. What is the tens digit of a?
3
Let i(w) = 89*w + 532. What is the tens digit of i(0)?
3
Let v = -106 + 303. Suppose v = 5*f - 2*h, -28 = -f - 2*h + 9. What is the units digit of f?
9
Suppose 0 = -7*r + 5*r - 22. Let j = 15 + r. What is the units digit of j?
4
Suppose -4*l + 24536 = 9448. What is the hundreds digit of l?
7
Let u = -318 - -215. Let g = u + 192. What is the tens digit of g?
8
Suppose -18*b = -22*b + 28. Let v(u) = 3*u**2 - 10*u + 7. Let h be v(b). Let o = h - 34. What is the tens digit of o?
5
Suppose -3*j = -5*h + 10 + 17, 32 = 5*h + 2*j. Suppose 2*k - h*k = 24. Let u = k + 24. What is the units digit of u?
8
Let b(c) = 18*c + 4*c - 6*c + 8. What is the tens digit of b(3)?
5
Let c(w) = -w**2 + 9*w - 3. Let b be c(8). Suppose -4 = 4*m, -b*v - 29 = 3*m - 286. What is the units digit of v?
2
Let k(h) = 4*h + 748. What is the hundreds digit of k(0)?
7
What is the tens digit of (929/(-4) + 66/(-88))*-4?
3
Let m = -69 + -366. Let z = 707 + m. What is the units digit of z?
2
Let a(b) = -72*b - 53. What is the units digit of a(-4)?
5
Suppose 4*g = 309 - 181. What is the tens digit of g?
3
What is the tens digit of ((-91)/(-3))/((-511)/(-63) - 8)?
7
Let a(o) = -108*o - 6. Let h be a(1). Let y = 214 + h. What is the units digit of y?
0
Suppose 5 = 2*g - 7. Suppose 2*j - 6 = g. Suppose 0 = j*v - 3*v - 75. What is the units digit of v?
5
Let h(k) = 34*k**3 + 2*k - 1. Let j be h(1). Suppose 0 = 36*u - j*u. Suppose u = 3*d + 4*d - 154. What is the tens digit of d?
2
Let t(r) = 399 + 19*r + 20*r - 399. What is the tens digit of t(1)?
3
Suppose -4*u = -0*u - 16. Suppose -33 = -u*o + a, -32 = -o - 0*a + 5*a. What is the units digit of o?
7
Suppose 3*s - 15 = 0, 5*s - 2361 = -5*a + 644. What is the units digit of a?
6
Suppose 3*t + 0*y - 9 = 4*y, -5*t - 2*y + 15 = 0. Suppose t*u - 330 = -12. What is the hundreds digit of u?
1
Let x(f) = f**3 + 18*f**2 - 18*f - 16. Let c be x(-18). Let y = c + -140. What is the tens digit of y?
6
Let b = 7 - 3. Suppose -b*v + 14 = 2. What is the units digit of ((-12)/(-18))/(2/v)?
1
Let x be (-10)/8*(-8)/(-20)*2. What is the units digit of (x + -52)*(-14 + 13)?
3
Let c be 0*(9/(-42) - 6/21). What is the units digit of c*3/6 + 26?
6
What is the tens digit of (-630 - 3)*(-80)/60?
4
Suppose -16*s - 1010 = -26402. What is the units digit of s?
7
Suppose 0 = -5*r - 3*r + 40. Suppose r*q - 7*q + 118 = 0. What is the units digit of q?
9
Let b be -9*(-2)/(0 + 6). Suppose b*c - 5 = 10. Suppose 0 = c*n - n - 56. What is the units digit of n?
4
Let q(w) = 2*w**2 + 4*w - 15. Let j(t) = t**3 + 5*t**2 + 5*t + 5. Let d be j(-3). What is the units digit of q(d)?
5
Let n(w) = w**2 + 3*w - 4. Let f be n(4). Let y = f + -12. What is the units digit of -1 + y + (3 - 0)?
4
Suppose 0 = -3*p + 41 + 13. Suppose 0 = -r + p - 4. What is the units digit of r?
4
Let x = 6 - 6. Suppose 5*j - 2*j = 63. Suppose x*g + 2*g - 19 = 3*y, -j = 2*g + 5*y. What is the units digit of g?
2
Let q(y) = -y**3 - 4*y**2 - 10*y - 13. What is the hundreds digit of q(-7)?
2
Let b = -27 - -31. Let y(a) = -2*a**3 - 13 - a**3 - 9*a**2 + 4*a**3 - b*a + 2*a. What is the tens digit of y(10)?
6
Let b be 1*(3 + (0 - -56)). Suppose 0*g - b = -g + 3*d, -94 = -2*g - 2*d. Suppose -4*z + 0*y - 3*y = -g, -8 = 4*y. What is the units digit of z?
4
Let d(n) = -58*n + 78. What is the tens digit of d(-7)?
8
Suppose -35*i + 14171 = -13374. What is the hundreds digit of i?
7
Let a = -43 + 105. Suppose 2*o + 5*t - 58 = a, 323 = 5*o + t. What is the units digit of o?
5
Suppose 2*l + 16 - 170 = 0. Let s = -16 + l. What is the units digit of s?
1
Let m = 53 - 23. Suppose -j - 3*s - 6 = 0, 3*j - 3*s = -0*j + m. Suppose 33 + 15 = j*i. What is the units digit of i?
8
Let v be 9 + -7 + -1 + 3. Suppose -7 = -c + d + 1, -3*c - 11 = v*d. Suppose c*h - i = 112, 0*h + h = -5*i + 48. What is the units digit of h?
8
Suppose 366 = 3*s - 0*s. Let z = -57 + s. What is the tens digit of z?
6
Let k = -5 + 8. What is the units digit of k?
3
What is the thousands digit of 188946/30 + 168/35 + -4?
6
Let t(h) = -h**3 - h**2 - 12*h - 8. What is the thousands digit of t(-10)?
1
Suppose 4*t = 3*z - 47, -4*z + 2*z + 46 = -4*t. Suppose 2*u + 4*o = 8, -3*o + 7 = u - 2. Let w = u - t. What is the units digit of w?
5
Let i(p) = 35*p - 7 - 20*p - 10*p. Let w be (-1 - 1)/((-2)/3). 